.
11
Suppose -2*h - 16 + 2 = 0. Let t = h - -11. Let m(f) be the second derivative of -f**4/12 + f**3/2 + 292*f. Determine m(t).
-4
Let h = 48 + -45. Let g(q) = 1 - 7*q + 8*q + h. Determine g(-5).
-1
Let x be (-3 - 0 - -4)*(-2 - -2). Let k be (-1 - x/2)*-4. Let v(r) = r**3 - 4*r**2 - 2*r + 1. What is v(k)?
-7
Let o(p) = -5 - 3*p**2 - 7*p**2 + 16*p**2 + p - 4*p**2 - 4. Determine o(-4).
19
Let o(b) be the first derivative of b**4/4 - 8*b**3/3 + 4*b**2 - 4*b - 328. Give o(5).
-39
Suppose 0 = -3*g + 3*i + 27, -27*i + 24*i - 15 = 0. Let u(l) = -l**3 + 3*l**2 + 2*l + 8. Give u(g).
0
Let m(l) = -5 + 18*l - 4*l - 12*l + 4*l. Give m(5).
25
Suppose -o - 3 = -3*g + 2, -2*o = g + 10. Let f(s) = -2*s + 16. What is f(g)?
16
Let h(b) = -3*b - 3. Let x(i) = 2*i**2 + 25*i - 14. Let y(z) = -z + 1. Let q(m) = -x(m) - 6*y(m). Let c be q(-10). Calculate h(c).
3
Let m(k) = -3. Let x(v) = -5*v + 1. Let u(l) = -2*m(l) - x(l). Calculate u(-2).
-5
Let r(y) be the second derivative of -1/6*y**3 + 7*y + 7/6*y**4 + 0*y**2 + 0. Calculate r(-1).
15
Let v(g) be the first derivative of g**4/4 + 11*g**3/3 - g**2 - 26*g - 37. Let l be v(-11). Let n(k) = k**2 + 5*k - 1. What is n(l)?
-5
Let v be (30/(-18))/(1/(-3)). Suppose -5*d = 4*s + 17, 2*s - v*d = s + 27. Let b(i) = -5 + 2 + s*i - i. Determine b(3).
0
Let q be (0 - -2)*(-14)/4. Let x(l) = -l**3 - 7*l**2 + l + 4. Determine x(q).
-3
Let v be (-1 - -2) + (4 - 8). Let i(l) = -9 + 0 + 7 - l - 1. Give i(v).
0
Let d = -12 - -8. Let s be (13 - -42) + (-1 - 0). Let o(c) = -114 - 2*c + 56 + s. Calculate o(d).
4
Let k(d) = d**2 - 11*d - 2. Suppose n + 3*h = 9, 24*n + 37 = 27*n - h. Give k(n).
10
Let r(y) = y - 1. Let s be r(6). Suppose -41 = -2*z - 3*w, 6*z - 3*z + 2*w = 74. Let n(t) = -z + t - 6*t**2 + 32 + 2*t + t**3. What is n(s)?
-6
Let z(i) = 10*i**2. Let q be z(-2). Let y(w) = 39 - q + 5*w**3 - 2*w + 7*w**3 + 2*w**3. Calculate y(-1).
-13
Let t(y) be the first derivative of -5*y**2/2 + y - 45. Calculate t(-3).
16
Let q(o) = 11*o**2 - o - 30. Let w(u) = 13*u**2 - 34. Let x(b) = -6*q(b) + 5*w(b). Suppose 4*v - 2*v + 2*f = 14, 3*v - 4*f = 21. Determine x(v).
3
Let s(i) = 5*i. Let a(b) = -54*b. Let g(u) = 2*a(u) + 22*s(u). Give g(-4).
-8
Let x(d) = -2 + 0*d + 0*d - 3*d + 1072*d**2 - 1066*d**2. Determine x(3).
43
Let x(v) = -v**3 - 5*v**2 - v + 7. Suppose 14 + 16 = 3*q. Let u(f) = -f**3 + 8*f**2 + 19*f + 10. Let h be u(q). Let m be -1 + ((-4)/1 - h). Give x(m).
12
Suppose 5*a + 16 = 41. Let c(s) be the third derivative of -s**4/8 + 7*s**3/6 + s**2. Determine c(a).
-8
Let y = 1598 - 1603. Let o(w) = -3 + 0 - w**3 - w - 5*w**2 + 1. Determine o(y).
3
Let x(v) = -v**3 + 9*v**2 - v + 3. Let a = -23 - -32. Let z be x(a). Let q(u) be the first derivative of u**2/2 + u + 1. Calculate q(z).
-5
Let u(f) = 20*f - 8 - 21*f - 5. Let m be u(-6). Let o(d) = -d**2 - 11*d - 6. What is o(m)?
22
Let k(b) = -b**3 + b**2 + b - 4. Let j be k(0). Let m(h) = -4*h**2 + 2093 - h**3 + h**2 - 2096 - h**2. What is m(j)?
-3
Suppose -3*f = -w - 8, 3*f + 2*w = -0*w + 2. Suppose 0 = -0*u - u - f. Let c(p) = 2*p**3 + p**2 - 3*p - 2. Determine c(u).
-8
Let a(x) = -x**2 - x - 6. Let h(w) = 10*w**2 + 5*w - 3. Let j be h(5). Let p be (-4)/22 - j/(-44). Suppose -p*d = -d. Give a(d).
-6
Let h(c) = -c + 4. Suppose 0 = -4*z + 4. Let d be (-6 - -4)*z*-5. Determine h(d).
-6
Suppose 0 = -2*h + 11 - 5. Suppose 2*d - 3*n + 8 - 31 = 0, h*d + 4*n = -8. Suppose 2*i + 0 = d. Let k(g) = -g**2 - 2*g + 2. What is k(i)?
-6
Let v(m) be the first derivative of m**4/4 - 4*m**3/3 - m**2 - 2*m - 56. Give v(5).
13
Let g(r) = r**3 + 2*r**2 - 2*r. Let s be 12*(2/(-6) - -1). Let a = -18 + s. Let w be (-1)/((-2)/a) - -3. Calculate g(w).
4
Let o(n) = n**2 - n - 1. Let i be o(0). Suppose 5*r + 2*t + 42 = 6*r, -42 = -r - 4*t. Let s(g) = 19*g - r*g + 13*g. Calculate s(i).
10
Let f(j) = -125. Let s(n) = -n + 1. Let q(k) = -f(k) + 3*s(k). Let l be q(41). Let g(d) be the third derivative of d**4/6 - d**3 - d**2. What is g(l)?
14
Let r(q) = -1 + 5*q - q**2 + 0 + 2136*q**3 + 2138*q**3 + 9*q**2 - 4273*q**3. Calculate r(-7).
13
Let s(p) = 43*p + 42. Let f be s(-1). Let h(z) = -z - 1. Let x(i) = 6*i + 4. Let r(q) = 4*h(q) + x(q). Give r(f).
-2
Let k(g) = 6*g - 105 + 54 + 3*g + 52. Calculate k(-2).
-17
Let q(i) be the second derivative of -11*i**3/6 - 7*i**2 + i - 215. Determine q(-2).
8
Let c(o) = -o**2 - o + 1. Let l(i) = -i**3 + i**2 + 4*i + 3. Let m(h) = -2*c(h) - l(h). Let b be m(0). Let t(w) = w - 6. What is t(b)?
-11
Let s(y) = y + 1. Let l(h) = -5*h - 3. Let u(j) = -l(j) - 2*s(j). Let v be 2 + -5 + 112 - -4. Let m = 114 - v. What is u(m)?
4
Let p(j) = -2*j - 11. Let t be p(-8). Suppose -y = t - 11. Let s(k) = 13 - 8 - y - 4*k. Calculate s(-2).
7
Let n be (-8)/(-2) + (-9)/3. Let v(y) = y**3 + 12*y**2 + 11*y. Let s be v(-11). Let w(q) = s*q + 2 + 2*q**3 - 1 - q**2 - q. Give w(n).
1
Let l(f) = f - 8. Let x(h) be the second derivative of -h**4/12 - 3*h**3/2 - 9*h**2 + 25*h. Let v be x(-6). Determine l(v).
-8
Suppose -9*p + 12 = -6*p. Let i(s) = 10*s + 5 - s**2 + p*s - 6*s. Give i(6).
17
Let h(f) = f**2 - 23*f + 18. Let r(g) = -3*g**2 + 70*g - 54. Let x(j) = 19*h(j) + 6*r(j). What is x(16)?
2
Let d(k) = k**2 - 5*k - 2. Let t(a) = 7*a**2 - 44*a + 34. Let c(f) = 6*d(f) - t(f). Give c(9).
-1
Let j(c) = c**3 - 11*c**2 - 4*c + 14. Suppose -7 + 18 = m. Calculate j(m).
-30
Suppose 3*l - 1 = 26. Let s(g) = -3*g - g**2 - l*g + 6*g + 1. What is s(-5)?
6
Let h(l) = 191*l**3 + 6 + 9*l + 2*l - 12*l**2 - 190*l**3. What is h(11)?
6
Let k(g) = 10*g**3 + 2*g**2 + 2. Let l(j) = 11*j**3 + 2*j**2 + 3. Let o(u) = 4*k(u) - 3*l(u). Suppose -s = -3*s + 5*v - 22, 2*v - 9 = s. Give o(s).
-6
Let n(w) be the third derivative of -w**7/840 + w**6/90 + w**5/120 + w**4/24 - w**3 + 11*w**2. Let y(h) be the first derivative of n(h). Calculate y(3).
13
Let w(z) = 8*z - 1. Suppose -19*n + 5*n = 28. Let c be n/(-13) + 500/130 + -5. Give w(c).
-9
Let u(o) = o**3 + 10*o**2 - 12*o - 9. Let k be u(-11). Suppose 0 = 5*d - 10*a + 5*a - 30, d + 3 = -k*a. Let m(h) = 50 - 49 - h + 0*h**d - 2*h**3. Give m(2).
-17
Let t(u) be the second derivative of u**3/3 - u**2 - 65*u. What is t(4)?
6
Suppose 26*u - 14*u = -36. Let g(p) = -p**2 - 2*p + 2. Determine g(u).
-1
Let l(v) = 7*v - 7. Let a(r) = -2. Let h(y) = 3*a(y) - l(y). Determine h(-2).
15
Let a = 1294 + -1305. Let f(g) = -g**3 - 11*g**2 - 2*g + 9. Give f(a).
31
Let o(q) = -2*q + 1 - 7*q**2 - 2*q**2 + 0*q**2 + 0 - 3. Give o(-2).
-34
Let n(x) = -4*x**3 + x**2 + 5*x + 3. Let s(y) = 2*y**2 - y**2 - 3*y**3 + 2*y**3 + y. Let j(h) = -n(h) + 3*s(h). Suppose -35 = 5*k - 20. Give j(k).
-6
Let k(f) = -f**2 + 7*f - 9. Let q(a) = -a - 22. Let y be q(-28). Give k(y).
-3
Let i(t) be the second derivative of -t**5/20 - t**4/4 - 5*t**3/6 - t**2 + 4*t. Let v = 5 - 2. Suppose -v*r - 15 = -6. Give i(r).
13
Let s(n) = -2 + 4*n - 3 - 1 + 21*n**2 + 5 - 6*n. What is s(-1)?
22
Let y(l) be the first derivative of l**2 - 27*l - 89. Determine y(11).
-5
Let d(t) = 662*t - 2 + 666*t - 1338*t + t**2. Calculate d(9).
-11
Let b(c) be the first derivative of -c**5/60 + c**4/24 - 2*c**3/3 + 6*c**2 + 1. Let y(n) be the second derivative of b(n). What is y(3)?
-10
Let x(v) = -7*v**2 + 4*v - 6. Let y(b) = -3*b**2 + 2*b - 3. Let m(j) = -4*x(j) + 9*y(j). Suppose 5*c - 4*c - 1 = 0. Let f be 17/(-6)*1 + c/(-6). What is m(f)?
0
Let i(k) = -k**2 + 6*k - 6. Let v be i(4). Let a(f) = v - 2 - 6*f. Suppose -3*j - 17 = -5*b, -3*b - 4*j - 14 = -b. What is a(b)?
-6
Let q(r) be the first derivative of -r**5/60 + 3*r**4/8 - 4*r**3/3 - r**2 + 15. Let a(b) be the second derivative of q(b). Give a(8).
0
Let h(i) = -i**3 - 6*i**2 - 6*i - 1. Let z be h(-5). Let r(s) = -7 - z*s + 2*s + 9. Let j be (-2)/(10/6 + -1). Give r(j).
8
Let f(c) = -5*c + 71. Let k(a) = -15*a + 188. Let y(i) = -8*f(i) + 3*k(i). Let p be (-51)/15 - 2/(-5). What is y(p)?
11
Let u(p) be the first derivative of p**2 - 20*p + 356. Calculate u(7).
-6
Let o be -4*1 - (4 - 5). Let j be (-13)/o + 2/3. Let b(a) be the first derivative of -a**4/4 + 2*a**3 - 2*a**2 - 3*a + 64. What is b(j)?
2
Let p(c) = -26*c + 13. Let i(r) = 31*r - 13. Let u(h) = 5*i(h) + 6*p(h). Give u(8).
5
Let j be 5 + -2 - (-3 + 1 + 0). Let w be (-1 + 2)/((4/j)/(-4)). Let s(u) = u**2 + 7*u - 2. What is s(w)?
-12
Let h be (0